-u = -2*l - 2*l - i. What is the remainder when a is divided by l?
33
Suppose -4*j + 1467 = s, 0 = 2*s - 37*j + 34*j - 2901. Calculate the remainder when s is divided by 52.
51
Let a = -444 - -475. Calculate the remainder when 1687 is divided by a.
13
What is the remainder when (-6)/(-11) - 928/88 - -1487 is divided by 5?
2
Let w = 20019 - 20012. Let k(z) = z**3 - 9*z**2 + 3. Let u be k(9). Let m = u - 0. Calculate the remainder when w is divided by m.
1
Suppose -h - h = 272. Let o = h + 128. Let k = -1 - o. What is the remainder when 26 is divided by k?
5
Let j = 47 - 23. Let p(f) be the second derivative of -f**5/20 - f**4/4 + 8*f**3/3 + f**2 - f + 34. What is the remainder when j is divided by p(-6)?
10
Let a(y) = 225*y**2 + 111*y + 229. What is the remainder when a(-2) is divided by 48?
43
Let p(s) = -2*s**3 + 80*s**2 + 81*s + 47. What is the remainder when 5057 is divided by p(41)?
5
Suppose 67775 = 169*o - 13852. What is the remainder when o is divided by 81?
78
Let i be ((-5)/(-15))/((-7)/12621). Let x = 706 + i. Calculate the remainder when x is divided by 18.
15
Let q be ((-38)/(-5))/(3/15). Let w = q - -4. Let n = w - -7. Calculate the remainder when n is divided by 13.
10
Let q(n) = -115*n**2 - 3*n - 34. Let m be q(-5). Calculate the remainder when m/(-12) - (7 - (-410)/(-60)) is divided by 3.
1
Let w(a) = 19*a + 73. Let q be w(-4). Suppose 0*x - 2*x - 2*k = -216, 3*k = 2*x - 226. What is the remainder when x is divided by (111 + -54)/(0 - q/2)?
34
Let r(s) = 11*s - 32. Let h be r(0). Let z = -19 - h. Let b = 69 + 7. What is the remainder when b is divided by z?
11
Let y(n) = -3*n + 117. Let s be (-276)/(-12) + -1*2. What is the remainder when 210 is divided by y(s)?
48
Let o(c) = 5*c**3 + 20*c**2 - 74*c + 55. Calculate the remainder when o(3) is divided by 79.
69
Let f = -297 - -356. Suppose f - 264 = -5*t. Suppose -5*h = -4*h - 9. What is the remainder when t is divided by h?
5
Suppose 19*c + 20 = 14*c. Let g be 3 - ((-16)/32)/((-2)/c). Suppose g*m - 28 = -4*p, 5*p - 2 = 2*m - 16. Calculate the remainder when 60 is divided by m.
4
Suppose -2*r - 2*b = 2*b + 2, r + 5*b = -16. Suppose 56 = r*o + 5*o. Suppose -o = -2*f + 10. What is the remainder when 34 is divided by f?
6
Let g(l) = -50*l - 5. Calculate the remainder when g(-4) is divided by 202*1/4 - 18/12.
48
Suppose 0 = 3*p + 6, -8*x + 9*x + 5*p = 252. Let k = x + -250. What is the remainder when k is divided by (8/10)/(3/30)?
4
Let k(b) = 9*b + 5. Calculate the remainder when 2 - (-164)/((-2)/(3 - 4)) is divided by k(2).
15
Suppose 0 = -4*z + 7*q - 4*q + 211, -2*z - 4*q + 122 = 0. Suppose 44*u - 66*u - 196*u = -43164. Calculate the remainder when u is divided by z.
33
Let u(x) = -4*x. Let t be u(0). Suppose -26*q + 21*q + 140 = t. Suppose 3*d = 2*d + 15. What is the remainder when q is divided by d?
13
Let b = -346 + 348. Suppose 0 = -2*z - b*x + 250, -8 = 2*x + 2. Calculate the remainder when z is divided by 11.
9
Suppose -3*b + 411 = -4*u, -2*b - 4*u - 1116 = -10*b. What is the remainder when 494 is divided by b?
71
Suppose -54 = -16*a + 10*a. Let c(s) = -s**2 + 15*s - 31. What is the remainder when 80 is divided by c(a)?
11
Suppose 7 - 1 = 3*a. Let f(d) = 2 - 2*d - 13*d**3 - 2*d**a - 7 + 3 + 1. What is the remainder when 46 is divided by f(-1)?
10
Suppose 3*x + 2*x = -15. Let m(l) = -7*l + 4. Let z be m(x). Suppose s + h - z = 0, -5*s = -2*h - 56 - 69. What is the remainder when 48 is divided by s?
23
Suppose 40*c + 2*a = 35*c + 375, 5*c - a = 360. Suppose 0*x - 4*x + 156 = 0. What is the remainder when c is divided by x?
34
Suppose 5*f = 3*f + 32. Let j = 23 - f. Let z(x) = -6*x + 260. Calculate the remainder when z(41) is divided by j.
0
Suppose -2*a + 10 = 0, -5*a + 19 = -3*q - 9. What is the remainder when 52 is divided by 2*9 - q - (45 - 44)?
16
Let w be 63 - (-6)/(-21)*7. Let l = w - 91. What is the remainder when 59 is divided by (-3)/(l/152) - (-1)/(-5)?
14
Let b(s) = -3*s**2 + 16*s + 8. Calculate the remainder when 94 is divided by b(4).
22
Suppose 14 = -s + 54. Let z = -7 + s. Let r = 20 + -8. What is the remainder when z is divided by r?
9
Suppose 3862 = 5*p + 212. Suppose 1643 = 21*l - p. Calculate the remainder when l is divided by 29.
26
Suppose -5*s + 2*g + 368 = 0, -121 = -3*s - 3*g + 83. Let m be 6/4*24/9. What is the remainder when 49 is divided by (-2)/(m + (1 - s/14))?
7
Suppose -3*t = 2*u - 8, 20*u = 16*u - t - 4. What is the remainder when 87 - ((-1)/u - 14/28) is divided by 15?
12
Let d(u) be the first derivative of u**4/4 - 22*u**3/3 - 23*u**2/2 + 17*u + 129. What is the remainder when 56 is divided by d(23)?
5
Let d(n) be the first derivative of 19*n**3/3 + n**2/2 - 34*n + 103. What is the remainder when d(6) is divided by 94?
92
Suppose 672*z - 368 = 656*z. Calculate the remainder when 2643 is divided by z.
21
Let r(f) = -2*f**2 + 113*f - 1529. Calculate the remainder when 634 is divided by r(27).
58
Let a(k) = k**2 + 9*k + 7. Let z(j) = j**2 - 10*j + 14. Let x be z(7). Let w be a(x). Let u = w + 111. Calculate the remainder when u is divided by 27.
23
Suppose 356*m - 352*m + 4*t = 496, 223 = 2*m - 3*t. Let o = 53 - 41. What is the remainder when m is divided by o?
11
Suppose -2*p + 5*b + 195 = 0, -96 = -p + 3*b - 2*b. What is the remainder when 1332 is divided by p?
2
Let b(x) = 8*x**3 - 3*x**2 - 235*x + 1956. Calculate the remainder when b(8) is divided by 24.
20
Let t(w) = w**2 + 5*w + 10. Let x be t(-9). Suppose 1 = -3*v - 11. What is the remainder when x/v*(-42)/7 is divided by 18?
15
Suppose -2*c = -7*c. Suppose c = -3*b, 4*d + 2*b + b - 268 = 0. What is the remainder when d is divided by (-4)/24*-105*(-4)/(-7)?
7
Let n(y) = -60*y**2 + 447*y + 12. What is the remainder when 792 is divided by n(7)?
189
Let q = 1246 + -871. Let u = -201 + q. What is the remainder when u is divided by 25?
24
Let v(o) = -o**2 + 142. Let g = -55 - -53. Let l be g/(-9) + (-14)/63. Calculate the remainder when v(l) is divided by 16.
14
Suppose 3*b = -b - 4*k + 220, 4*b - 6*k - 200 = 0. What is the remainder when b is divided by ((-34)/6 - 0)/((-41)/246)?
19
Suppose 168*j = -60*j + 14*j + 121124. What is the remainder when j is divided by 23?
14
Let j(s) = -s**3 - 7*s**2 + 6*s - 9. Suppose 498 = 2*b - 2*d - 412, -7 = 7*d. Calculate the remainder when b is divided by j(-8).
6
Suppose -d = 11*r - 8*r - 1087, -2*r - 5*d + 729 = 0. What is the remainder when 366 is divided by r?
4
Let j(m) = 7*m**2 - 3*m - 1. Suppose 3*o - 16 = -2*w, o + 18 = 5*w + 3*o. Let b = -185 + 308. What is the remainder when b is divided by j(w)?
18
Suppose -23*r - 52*r + 2700 = 0. Calculate the remainder when 931 is divided by r.
31
Suppose -a - 5 = 0, -4*v - 4*a = -a + 15. Suppose 12*g + 12 + 48 = v. What is the remainder when 67 is divided by 4 + (-156)/(-8) + g/10?
21
Let c be (150/(-9))/((-4)/42). Suppose 0 = -14*u + 21*u - c. Calculate the remainder when 26 is divided by u.
1
Suppose 5482 - 3896 = 122*m. Suppose -1 - 31 = -4*h. Let v = h + 16. Calculate the remainder when v is divided by m.
11
Let i be (-27)/81 - 22/3*-1. Suppose -4*h + 41 = -i. Calculate the remainder when 239 is divided by h.
11
Suppose 0 = -l + 2*x + 28, 4*l - 6*x - 27 - 75 = 0. Calculate the remainder when l is divided by 1/(36/(-40) + 1).
8
Suppose 4*s + 2*l + 185 = 9*s, s - 44 = -l. Suppose 2*o = 37*i - s*i + 30, 10 = 5*i. Let m = 137 + -74. What is the remainder when m is divided by o?
11
Let s(d) = -d**3 + 7*d**2 + 2*d - 7. Let k(j) = j + 3. Let y be k(4). Calculate the remainder when 53 is divided by s(y).
4
Suppose -5*s = -p - 11287, 0 = 2*s + p - 4398 - 114. What is the remainder when s is divided by 87?
82
Suppose -6*a = 46 - 76. Suppose 0 = -3*w + a*i - 67 + 191, -i = 2. What is the remainder when 150 is divided by w?
36
Suppose -c + 8*c = 35. Calculate the remainder when (18 - (-2 + -6)) + -5 is divided by c.
1
Let v = -231 + 232. What is the remainder when (111 - 1)*v + 6 is divided by 33?
17
Let i be ((33/6)/11)/(2/372). Suppose 0 = z - 3*f - 67, -f = 4*z - 387 + i. Calculate the remainder when z is divided by 262/14 + (-2)/(-7).
16
Suppose 0 = 7*r - 1652 + 1477. Let y(m) = 4*m**2 - 2*m - 4. Let c be y(4). Let l = c + 19. Calculate the remainder when l is divided by r.
21
Calculate the remainder when 268 